nd y?
192
Let h(a) = -a**3 + 4*a**2 - a - 2. Let x be (-1)/((-18)/72 + (-1)/4). Let u be h(x). What is the highest common factor of u and 12?
4
Suppose -28*a + 25*a + 63 = 0. Let d be 1 + 12 - a/(-7). Let n = 30 - 28. Calculate the greatest common factor of n and d.
2
Let j(p) = 764*p**2 + 113*p - 231. Let t be j(2). What is the highest common divisor of t and 27?
27
Let a be (-26 + 25)/(1/444). Let i = 446 + a. What is the greatest common divisor of i and 5?
1
Suppose 18*m = 67971 + 53277. Calculate the greatest common factor of m and 32.
16
Let m be -3 + 4 - -2076 - (-1)/2*-12. What is the greatest common divisor of m and 19?
19
Suppose -4*c + 2 + 2 = -2*g, c - 11 = -2*g. Suppose 2*q - 103 = -3*i + 7*q, c*i - 107 = q. Let j = -26 + i. What is the highest common factor of j and 5?
5
Let r be (12/(-10))/((-48)/22400). What is the greatest common factor of r and 1260?
140
Let n be 726/(-1331) + (-545)/(-11). Suppose 2*c + 5*l = -41 - 28, 0 = -c + 2*l - 39. Let p = n + c. Calculate the greatest common factor of 4 and p.
4
Let l be (-20)/((4/(-3))/2). Suppose 3*c = -2*g - 12, -10*g - 14*c = -3*g + 98. Calculate the greatest common divisor of l and g.
6
Let v be (-2)/(118/120 - (3 - 2)). Let o be (v/50)/((-8)/(-60)). What is the greatest common divisor of 63 and o?
9
Let p = -6 + 96. Let x(l) = l**2 - 16*l - 75. Let u be x(-5). Calculate the greatest common factor of p and u.
30
Let o = -51 + 51. Suppose -15*y + 3801 - 426 = o. What is the highest common divisor of y and 25?
25
Suppose 9*n - 371 + 146 = 0. Let t = -18 + 19. Let o be n/10*6/t. What is the greatest common factor of 75 and o?
15
Let n(a) = 2*a**2 + 6*a + 4. Let q be n(-5). Suppose -95*h = -20*h - 8*h - 536. What is the greatest common divisor of q and h?
8
Let n be ((-15)/(-2))/(2 - (-1)/(-2)). Suppose -n*h = 20, 9*h - 5*h = -q + 205. What is the highest common divisor of q and 17?
17
Let i be 11 + (-537966)/(-37620) + ((-4)/14 - 3/210). Let k = -27 - -47. Calculate the highest common divisor of i and k.
5
Let q be ((-1)/(-2))/(3 + (-93)/30). Let c be 170/(-102)*(121/q - 1). What is the greatest common divisor of c and 42?
42
Let a(o) = 39*o - 48. Let w be a(16). Suppose 174 = -6*x - w. Let d be -2 + (-1 - (x - 4)). What is the greatest common factor of 84 and d?
42
Let c = -5 - 52. Let q = c - -67. Suppose 5*r + 15 = 2*t, 5*r - 1 = t - 6. What is the greatest common factor of t and q?
10
Let z = 41 - 39. Suppose -4*y - 30 = -z. Let j be 6/27 + y/(189/(-3666)). Calculate the highest common factor of 17 and j.
17
Let v = -22 - -23. Let b(a) = 3*a**3 - 3*a**2 + a + 1. Suppose 0 = 5*w + 2 - 7. Let s be b(w). What is the highest common divisor of v and s?
1
Let k = 5250 - 4623. Calculate the greatest common factor of 198 and k.
33
Let w be (-136087)/(-21) + (-21)/63. What is the greatest common divisor of w and 48?
48
Suppose z + m = 0, -5*z + z = -3*m - 28. Suppose -k = z*k + 20, 4*w = -2*k + 256. Let d be 4*(-6)/(-4)*w/9. Calculate the highest common factor of 22 and d.
22
Let f = 648 + -659. Let h be (-5)/(-25)*25 - f. Calculate the highest common factor of 28 and h.
4
Let u be ((-115)/(-3))/(14 - 913/66). Suppose 8*j - 50 - u = 0. What is the greatest common factor of j and 455?
35
Suppose -g - 4*a + 1589 + 635 = 0, -2*g - 5*a = -4454. Calculate the greatest common factor of g and 216.
72
Let n = -1024 - -1638. Suppose -774 = -5*a - g + 268, 3*a - 5*g - n = 0. Calculate the highest common factor of 26 and a.
26
Let f = -5 - -4. Let j be ((-15)/6 - -2)*f*10. Suppose -25 - 16 = -2*u - j*w, -2*u - 2*w = -56. Calculate the highest common divisor of u and 3.
3
Suppose -17*z = -17161 + 3490 - 6542. Calculate the greatest common factor of z and 348.
29
Let z = -35 + 37. Let i be 400/70 - z/(-7). Suppose -13 = -2*p - 3*d - i, 0 = -4*d - 12. Calculate the highest common factor of p and 8.
8
Let l be 2/3*95 - (-3)/(-9). Let m = l + -46. Let n(z) = 5*z - 65. Let x be n(m). What is the greatest common divisor of 5 and x?
5
Let j(x) = 2*x**2 - 4*x - 6. Let f be j(4). Let z(q) = 1 - 13 - q + 3*q. Let b be z(f). Calculate the greatest common divisor of b and 64.
8
Suppose -8*d + 45 - 24 = -155. Calculate the highest common factor of 17567 and d.
11
Suppose 282*i - 13507293 = -1099293. What is the highest common factor of 44 and i?
44
Let h = 833 - -379. Suppose -2*w - h = -0*k - 5*k, 2*k - 2*w = 486. Suppose -6*j + 5*j + 22 = 0. Calculate the highest common divisor of j and k.
22
Let x be 25/5 - (1 + 10/(-5)). Let u be x*(13/4)/((-9)/(-288)). What is the highest common divisor of u and 48?
48
Suppose -13*h + 16*h + 89 = 5*q, -3*h = -4*q + 67. Calculate the highest common divisor of 11462 and q.
22
Let g(i) = 241*i + 33. Let n be g(4). Let y = n - 503. What is the greatest common factor of y and 13?
13
Let o = 94 - 97. Let q = 1 - o. Let m be (11/(-5) + q)/(1/10). What is the highest common divisor of m and 27?
9
Let w(f) = f**3 + 2*f**2 + 2. Let h be w(-2). Suppose -4*u = l + 4*l - 70, -4*u = l + h. What is the highest common divisor of l and 234?
18
Let a be 88/308 + (-10)/(-14) + 37 + -3. What is the greatest common divisor of a and 2807?
7
Let p = -1922 - -1934. What is the greatest common divisor of 486 and p?
6
Let v = -18686 + 37718. What is the greatest common divisor of 1098 and v?
366
Let x be 2 + 186 + -1*(-21)/3. Calculate the highest common factor of 30 and x.
15
Let z(s) = 23*s - 24 - s**2 - 22 - 21. Let k be z(17). Calculate the highest common factor of 175 and k.
35
Let m be 5/35 + (-102)/(-21). Suppose -l = -4*r + 3*l + 588, m*l = 0. Calculate the greatest common divisor of 98 and r.
49
Suppose 2*c + 5*l = 92364, l = -4*c - 2*l + 184686. Calculate the greatest common factor of c and 33.
33
Suppose -6 - 8 = -2*i. Let o be ((-32)/i)/(102/(-357)). Calculate the highest common divisor of o and 208.
16
Let s = -24337 - -27538. What is the greatest common factor of s and 297?
33
Suppose -4*t + t = 3*q - 147, 0 = -3*t - 2*q + 143. Let d be 0*-3*(-1)/(-12). Suppose 0 = -d*x - 3*x + 54. What is the highest common factor of t and x?
9
Let t be (-160)/(-2)*(-14)/(-56). Let s be t/(-14)*6314/(-44). What is the greatest common factor of 82 and s?
41
Let r be ((-22)/4)/(1/2). Let z(d) = d**2 + 11*d + 6. Let p be z(r). Let g = 44 - 26. Calculate the greatest common divisor of p and g.
6
Let a = 108 + -66. Suppose 19*w - 18*w = -63*w + 4480. What is the greatest common factor of a and w?
14
Let r = -9407 + 10991. Calculate the highest common divisor of r and 748.
44
Let v be ((4 - 17) + -15)*-2. Calculate the highest common divisor of 952 and v.
56
Suppose 992970 = -53*r + 98*r. What is the greatest common divisor of 22 and r?
22
Let j be (531/2)/((-20)/(-360)*3). Calculate the highest common factor of j and 2301.
177
Let u be 11/(-11) + 10 - 3*1. Suppose 0 = -u*h - 150 + 438. Calculate the greatest common divisor of 12 and h.
12
Let p(s) = -231*s - 1840. Let g be p(-8). What is the greatest common factor of g and 3216?
8
Let c be (-3 - -1) + 0/(-2). Suppose 0*s - y - 10 = -2*s, 2*y + 26 = 5*s. Let l = s - c. Calculate the greatest common factor of l and 1.
1
Let j(g) = -g**2 + 50*g - 314. Let p be 138/8 + 47/(-188). Let r be j(p). What is the greatest common divisor of 19 and r?
19
Let d(l) = -63*l - 137. Let u be d(-4). What is the greatest common divisor of u and 92?
23
Let h(s) = 92*s - 14933. Let j be h(163). Suppose t + 16 = -4*u, 5*u = -5*t - 25 - 10. Let l be t/14 + 51/7. What is the greatest common divisor of l and j?
7
Let o(g) = 3*g**3 + g**2 - 42*g + 14. Let f be o(4). Calculate the highest common factor of 2700 and f.
54
Suppose 6*j - 7 - 5 = 0. Let i(f) = 9*f**3 - 2*f**2 + f - 4. Let v be i(j). Calculate the greatest common factor of v and 341.
31
Suppose 5*y - 4*p = -938 + 2890, 16*y - 6120 = -3*p. Let b(k) = -k**3 + k**2 - k + 24. Let u be b(0). What is the greatest common divisor of u and y?
24
Let b(v) = 67*v**2 + v. Let o be b(1). Suppose 390*c + 123*c - 1786 = 266. What is the highest common factor of c and o?
4
Suppose 86*f - 589 = 71*f - 64. Suppose 5*j = 5*m - 20, 0 = 2*j - 0*j + 4. Let s be 68 + 0 + m + 0. What is the greatest common divisor of s and f?
35
Suppose -29*s = -190 - 100. Suppose -72 = -s*r + 18. Calculate the highest common factor of 45 and r.
9
Suppose 3 =